{"id":2,"date":"2026-04-14T09:35:22","date_gmt":"2026-04-14T07:35:22","guid":{"rendered":"http:\/\/www.azdcz.cz\/?page_id=2"},"modified":"2026-04-14T10:49:59","modified_gmt":"2026-04-14T08:49:59","slug":"zkusebni-stranka","status":"publish","type":"page","link":"https:\/\/www.azdcz.cz\/index.php\/zkusebni-stranka\/","title":{"rendered":"Resident evil franchise"},"content":{"rendered":"\n<p class=\"has-base-2-background-color has-background\">Mega peak hra<\/p>\n\n\n\n<p>Vyvoj\u00e1\u0159i: Capcom<\/p>\n\n\n\n<p>\u017d\u00e1nr hry: horror ak\u010dn\u00ed puzzle p\u0159\u00edb\u011bhovka<\/p>\n\n\n\n<p class=\"has-accent-4-color has-text-color has-link-color wp-elements-f17c6aa1cc788db80fb33e7085558c2c\">Skl\u00e1d\u00e1 se celkov\u011b ze 9 her<\/p>\n\n\n\n<div class=\"wp-block-columns is-layout-flex wp-container-core-columns-is-layout-1 wp-block-columns-is-layout-flex\">\n<div class=\"wp-block-column is-layout-flow wp-block-column-is-layout-flow\" style=\"flex-basis:100%\">\n<ul>\n<li>Resident Evil 0<\/li>\n<\/ul>\n<\/div>\n<\/div>\n\n\n\n<figure class=\"wp-block-image size-full is-resized\"><img loading=\"lazy\" decoding=\"async\" width=\"894\" height=\"894\" src=\"http:\/\/www.azdcz.cz\/wp-content\/uploads\/2026\/04\/resident_evil_0___soundtrack_cover__alt_2__by_xerlientt_dfoalcx-pre.jpg\" alt=\"\" class=\"wp-image-8\" style=\"width:190px;height:auto\" srcset=\"https:\/\/www.azdcz.cz\/wp-content\/uploads\/2026\/04\/resident_evil_0___soundtrack_cover__alt_2__by_xerlientt_dfoalcx-pre.jpg 894w, https:\/\/www.azdcz.cz\/wp-content\/uploads\/2026\/04\/resident_evil_0___soundtrack_cover__alt_2__by_xerlientt_dfoalcx-pre-300x300.jpg 300w, https:\/\/www.azdcz.cz\/wp-content\/uploads\/2026\/04\/resident_evil_0___soundtrack_cover__alt_2__by_xerlientt_dfoalcx-pre-150x150.jpg 150w, https:\/\/www.azdcz.cz\/wp-content\/uploads\/2026\/04\/resident_evil_0___soundtrack_cover__alt_2__by_xerlientt_dfoalcx-pre-768x768.jpg 768w\" sizes=\"(max-width: 894px) 100vw, 894px\" \/><\/figure>\n\n\n\n<p>Uplne prvni vydana hra ve ktere hrajeme za Rebeccu Chambers<\/p>\n\n\n\n<p><\/p>\n\n\n\n<ul>\n<li>Resident Evil 2 Remake<\/li>\n<\/ul>\n\n\n\n<figure class=\"wp-block-image size-full is-resized\"><img loading=\"lazy\" decoding=\"async\" width=\"3840\" height=\"2160\" src=\"http:\/\/www.azdcz.cz\/wp-content\/uploads\/2026\/04\/22MNn4z9dJnDmEAtmV4rw3Zq.avif\" alt=\"\" class=\"wp-image-9\" style=\"width:315px;height:auto\"\/><\/figure>\n\n\n\n<p>Toto je prvn\u00ed vydan\u00fd remake od capcomu kter\u00e1 n\u00e1s sezn\u00e1m\u00ed s nov\u00fdma characterama jako je Leon S. Kennedy a Claire Redfield a kde je hlavni z\u00e1por\u00e1k mutant Mr. X <\/p>\n\n\n\n<p>Je to o Leonovo prvn\u00edm dni v Raccoon city jako policista ale n\u00e1hle se dozv\u00ed ze tam vypukla apokalipsa kv\u016fli G-virusu<\/p>\n\n\n\n<p><\/p>\n\n\n\n<ul>\n<li>Resident Evil 3 Remake<\/li>\n<\/ul>\n\n\n\n<figure class=\"wp-block-image size-large is-resized\"><img loading=\"lazy\" decoding=\"async\" width=\"1024\" height=\"576\" src=\"http:\/\/www.azdcz.cz\/wp-content\/uploads\/2026\/04\/wallpapersden.com_new-resident-evil-3-2020-4k_3840x2160-1024x576.jpg\" alt=\"\" class=\"wp-image-10\" style=\"width:380px;height:auto\" srcset=\"https:\/\/www.azdcz.cz\/wp-content\/uploads\/2026\/04\/wallpapersden.com_new-resident-evil-3-2020-4k_3840x2160-1024x576.jpg 1024w, https:\/\/www.azdcz.cz\/wp-content\/uploads\/2026\/04\/wallpapersden.com_new-resident-evil-3-2020-4k_3840x2160-300x169.jpg 300w, https:\/\/www.azdcz.cz\/wp-content\/uploads\/2026\/04\/wallpapersden.com_new-resident-evil-3-2020-4k_3840x2160-768x432.jpg 768w, https:\/\/www.azdcz.cz\/wp-content\/uploads\/2026\/04\/wallpapersden.com_new-resident-evil-3-2020-4k_3840x2160-1536x864.jpg 1536w, https:\/\/www.azdcz.cz\/wp-content\/uploads\/2026\/04\/wallpapersden.com_new-resident-evil-3-2020-4k_3840x2160-2048x1152.jpg 2048w\" sizes=\"(max-width: 1024px) 100vw, 1024px\" \/><\/figure>\n\n\n\n<p>Tohle je 3 remake kter\u00fd n\u00e1s sezn\u00e1m\u00ed zase s nov\u00fdma characterama jako Jill Valentine a Carlos Oliviera a hlavni z\u00e1por\u00e1k je mutant Nemesis kter\u00fd m\u00e1 za c\u00edl zni\u010dit v\u0161echny s.t.a.r.s members kter\u00e1 je pr\u00e1v\u011b Jill Valentine<\/p>\n\n\n\n<p>Tato hra se odehr\u00e1v\u00e1 \u00fapln\u011b ve stejnou dobu jako Resident evil 2<\/p>\n\n\n\n<p><\/p>\n\n\n\n<ul>\n<li>Resident Evil 4 Remake<\/li>\n<\/ul>\n\n\n\n<figure class=\"wp-block-image size-large is-resized\"><img loading=\"lazy\" decoding=\"async\" width=\"1024\" height=\"640\" src=\"http:\/\/www.azdcz.cz\/wp-content\/uploads\/2026\/04\/wallpapersden.com_resident-evil-4-remake-poster-cool_1920x1200-1024x640.jpg\" alt=\"\" class=\"wp-image-11\" style=\"width:355px;height:auto\" srcset=\"https:\/\/www.azdcz.cz\/wp-content\/uploads\/2026\/04\/wallpapersden.com_resident-evil-4-remake-poster-cool_1920x1200-1024x640.jpg 1024w, https:\/\/www.azdcz.cz\/wp-content\/uploads\/2026\/04\/wallpapersden.com_resident-evil-4-remake-poster-cool_1920x1200-300x188.jpg 300w, https:\/\/www.azdcz.cz\/wp-content\/uploads\/2026\/04\/wallpapersden.com_resident-evil-4-remake-poster-cool_1920x1200-768x480.jpg 768w, https:\/\/www.azdcz.cz\/wp-content\/uploads\/2026\/04\/wallpapersden.com_resident-evil-4-remake-poster-cool_1920x1200-1536x960.jpg 1536w, https:\/\/www.azdcz.cz\/wp-content\/uploads\/2026\/04\/wallpapersden.com_resident-evil-4-remake-poster-cool_1920x1200.jpg 1920w\" sizes=\"(max-width: 1024px) 100vw, 1024px\" \/><\/figure>\n\n\n\n<p>Tato hra se je pokra\u010dov\u00e1n\u00ed p\u0159\u00edb\u011bhu Leona Kennedyho po 4 letech po incidentu v Raccoon city kdy se stal feder\u00e1ln\u00edm agentem pro prezidenta<\/p>\n\n\n\n<p>Potom dostane za \u00fakol zachr\u00e1nit prezidentovo dceru Ashley kter\u00e1 byla unesena skupinou Los Iluminados do \u0160pan\u011blska<\/p>\n\n\n\n<p>Leon tak mus\u00ed na svoj\u00ed misy kde se dozv\u00ed \u017ee vesnice je ovl\u00e1dnut\u00e1 Lordem Saddlerem kter\u00fd je ovl\u00e1d\u00e1 p\u0159es Las plagas tak\u017ee mus\u00ed zachr\u00e1nit Ashley a zabit Saddlera<\/p>\n\n\n\n<p><\/p>\n\n\n\n<ul>\n<li>Resident Evil 5<\/li>\n<\/ul>\n\n\n\n<figure class=\"wp-block-image size-large is-resized\"><img loading=\"lazy\" decoding=\"async\" width=\"1024\" height=\"623\" src=\"http:\/\/www.azdcz.cz\/wp-content\/uploads\/2026\/04\/chris-redfield-and-sheva-alomar-resident-evil-5-characters-slzz93sr9vxujfpv-1024x623.jpg\" alt=\"\" class=\"wp-image-12\" style=\"width:301px;height:auto\" srcset=\"https:\/\/www.azdcz.cz\/wp-content\/uploads\/2026\/04\/chris-redfield-and-sheva-alomar-resident-evil-5-characters-slzz93sr9vxujfpv-1024x623.jpg 1024w, https:\/\/www.azdcz.cz\/wp-content\/uploads\/2026\/04\/chris-redfield-and-sheva-alomar-resident-evil-5-characters-slzz93sr9vxujfpv-300x182.jpg 300w, https:\/\/www.azdcz.cz\/wp-content\/uploads\/2026\/04\/chris-redfield-and-sheva-alomar-resident-evil-5-characters-slzz93sr9vxujfpv-768x467.jpg 768w, https:\/\/www.azdcz.cz\/wp-content\/uploads\/2026\/04\/chris-redfield-and-sheva-alomar-resident-evil-5-characters-slzz93sr9vxujfpv-1536x934.jpg 1536w, https:\/\/www.azdcz.cz\/wp-content\/uploads\/2026\/04\/chris-redfield-and-sheva-alomar-resident-evil-5-characters-slzz93sr9vxujfpv.jpg 1679w\" sizes=\"(max-width: 1024px) 100vw, 1024px\" \/><\/figure>\n\n\n\n<p>Hlavn\u00ed postavy jsou Chris Redfield a Sheva Alomar <\/p>\n\n\n\n<p>Vy\u0161et\u0159uj\u00ed \u0161\u00ed\u0159en\u00ed nov\u00fdch biologick\u00fdch zbran\u00ed &#8211; parazit\u016f Uroboros<\/p>\n\n\n\n<p>Hlavn\u00ed z\u00e1por\u00e1k je Albert Wesker kter\u00fd se t\u00edm virusem sna\u017e\u00ed ud\u011blat nov\u00e9 nadlidstvo<\/p>\n\n\n\n<p><\/p>\n\n\n\n<ul>\n<li>Resident Evil 6<\/li>\n<\/ul>\n\n\n\n<figure class=\"wp-block-image size-large is-resized\"><img loading=\"lazy\" decoding=\"async\" width=\"1024\" height=\"576\" src=\"http:\/\/www.azdcz.cz\/wp-content\/uploads\/2026\/04\/R-1024x576.jpg\" alt=\"\" class=\"wp-image-13\" style=\"width:347px;height:auto\" srcset=\"https:\/\/www.azdcz.cz\/wp-content\/uploads\/2026\/04\/R-1024x576.jpg 1024w, https:\/\/www.azdcz.cz\/wp-content\/uploads\/2026\/04\/R-300x169.jpg 300w, https:\/\/www.azdcz.cz\/wp-content\/uploads\/2026\/04\/R-768x432.jpg 768w, https:\/\/www.azdcz.cz\/wp-content\/uploads\/2026\/04\/R-1536x864.jpg 1536w, https:\/\/www.azdcz.cz\/wp-content\/uploads\/2026\/04\/R-2048x1152.jpg 2048w\" sizes=\"(max-width: 1024px) 100vw, 1024px\" \/><\/figure>\n\n\n\n<p>Hra m\u00e1 v\u00edce hlavn\u00edch character\u016f jako jsou Leon Kennedy, Chris Redfield, Jake Muller, Ada Wong<\/p>\n\n\n\n<p>Hra je o tom \u017ee se mezi lidi vypust\u00ed nov\u00fd virus &#8211; C-virus kter\u00fd m\u011bn\u00ed lidi v zombie tak\u017ee oni mus\u00ed po cel\u00e9m sv\u011bt\u011b zni\u010dit laborato\u0159e a virus<\/p>\n\n\n\n<p><\/p>\n\n\n\n<ul>\n<li>Resident Evil 7 biohazard<\/li>\n<\/ul>\n\n\n\n<figure class=\"wp-block-image size-full is-resized\"><img loading=\"lazy\" decoding=\"async\" width=\"474\" height=\"266\" src=\"http:\/\/www.azdcz.cz\/wp-content\/uploads\/2026\/04\/OIP.webp\" alt=\"\" class=\"wp-image-14\" style=\"width:353px;height:auto\"\/><\/figure>\n\n\n\n<p>Zde se sezn\u00e1m\u00edme s nov\u00fdm characterem Ethanem Wintersemv kter\u00fd jde hledat svou \u017eenu v Loisian\u011b po 3 letech co zmizela<\/p>\n\n\n\n<p>Jakmile ale doraz\u00ed na m\u00edsto zjist\u00ed \u017ee jeho \u017eena je jin\u00e1 a naka\u017een\u00e1 pl\u00edsn\u00ed kterou ovl\u00e1d\u00e1 Eveline a kter\u00e1 se ho sna\u017e\u00ed zab\u00edt, Ethana potom najde Bakers rodina kter\u00e1 je cel\u00e1 zmutovan\u00e1 a on je mus\u00ed v\u0161echny zab\u00edt a ut\u00e9ct se svoj\u00ed \u017eenou<\/p>\n\n\n\n<p>Ale to nekon\u010d\u00ed proto\u017ee se ji je\u0161te najde Eveline kter\u00e1 je chce promenit tak\u00e9 tak\u017ee ji taky zabije a pot\u00e9 kone\u010dn\u011b ute\u010de se svoji \u017eenou<\/p>\n\n\n\n<p><\/p>\n\n\n\n<ul>\n<li>Resident Evil Village (8)<\/li>\n<\/ul>\n\n\n\n<figure class=\"wp-block-image size-large is-resized\"><img loading=\"lazy\" decoding=\"async\" width=\"1024\" height=\"538\" src=\"http:\/\/www.azdcz.cz\/wp-content\/uploads\/2026\/04\/R-1024x538.png\" alt=\"\" class=\"wp-image-17\" style=\"width:444px;height:auto\" srcset=\"https:\/\/www.azdcz.cz\/wp-content\/uploads\/2026\/04\/R-1024x538.png 1024w, https:\/\/www.azdcz.cz\/wp-content\/uploads\/2026\/04\/R-300x158.png 300w, https:\/\/www.azdcz.cz\/wp-content\/uploads\/2026\/04\/R-768x403.png 768w, https:\/\/www.azdcz.cz\/wp-content\/uploads\/2026\/04\/R.png 1200w\" sizes=\"(max-width: 1024px) 100vw, 1024px\" \/><\/figure>\n\n\n\n<p>Pokra\u010dov\u00e1n\u00ed p\u0159\u00edb\u011bhu Ethana Winterse po 4 letech kdy u\u017e m\u00e1 d\u00edt\u011b Rose s jej\u00ed \u017eenou Miou<\/p>\n\n\n\n<p>N\u00e1hle p\u0159ijede Chris Redfield s jeho t\u00fdmem a zabije Miu a vezme Ethana a Rose, Ethan se najednou ocitne ve vesnici kde jsou mutanti, pote si  pro n\u011bj p\u0159ijedou m\u00edstn\u00ed vl\u00e1dci kter\u00fd ho vezmu do zajet\u00ed<\/p>\n\n\n\n<p>Ethan potom hled\u00e1 svoj\u00ed dceru a dozv\u00ed se \u017ee byla rozd\u011blena na 4 kusy a 1 kus m\u00e1 ka\u017ed\u00fd z vl\u00e1dc\u016f kter\u00e9 mus\u00ed zab\u00edt jako je Lady Dimitrescu, Donna Beneviento, Moreau a Heisenberg, pote co zabije v\u0161echny tak se sna\u017e\u00ed o\u017eivit Rose akor\u00e1t tam p\u0159ijde vl\u00e1dkyn\u011b v\u0161ech Mother Miranda kter\u00e1 se prom\u011bnila v jeho \u017eenu a n\u00e1sledn\u011b mu vytrhne srdce<\/p>\n\n\n\n<p>Ethan se potom probud\u00ed v jeho mysli kde potk\u00e1 Eveline a dozv\u00ed se \u017ee um\u0159el u\u017e p\u0159ed 4 lety v RE7 kdy ho zabil Jack Baker a \u017ee ho nakazila pl\u00edsn\u00ed tak\u017ee proto neum\u0159el, potom se probud\u00ed a zabije Mirandu a zachr\u00e1n\u00ed svoji dceru jenom on um\u0159e a ob\u011btuje se proto\u017ee se rozkl\u00e1d\u00e1 <\/p>\n\n\n\n<p><\/p>\n\n\n\n<ul>\n<li>Resident Evil Requiem<\/li>\n<\/ul>\n","protected":false},"excerpt":{"rendered":"<p>Mega peak hra Vyvoj\u00e1\u0159i: Capcom \u017d\u00e1nr hry: horror ak\u010dn\u00ed puzzle p\u0159\u00edb\u011bhovka Skl\u00e1d\u00e1 se celkov\u011b ze 9 her Uplne prvni vydana hra ve ktere hrajeme za Rebeccu Chambers Toto je prvn\u00ed vydan\u00fd remake od capcomu kter\u00e1 n\u00e1s sezn\u00e1m\u00ed s nov\u00fdma characterama jako je Leon S. Kennedy a Claire Redfield a kde je hlavni z\u00e1por\u00e1k mutant Mr. [&hellip;]<\/p>\n","protected":false},"author":1,"featured_media":0,"parent":0,"menu_order":0,"comment_status":"closed","ping_status":"open","template":"","meta":{"footnotes":"[]"},"_links":{"self":[{"href":"https:\/\/www.azdcz.cz\/index.php\/wp-json\/wp\/v2\/pages\/2"}],"collection":[{"href":"https:\/\/www.azdcz.cz\/index.php\/wp-json\/wp\/v2\/pages"}],"about":[{"href":"https:\/\/www.azdcz.cz\/index.php\/wp-json\/wp\/v2\/types\/page"}],"author":[{"embeddable":true,"href":"https:\/\/www.azdcz.cz\/index.php\/wp-json\/wp\/v2\/users\/1"}],"replies":[{"embeddable":true,"href":"https:\/\/www.azdcz.cz\/index.php\/wp-json\/wp\/v2\/comments?post=2"}],"version-history":[{"count":3,"href":"https:\/\/www.azdcz.cz\/index.php\/wp-json\/wp\/v2\/pages\/2\/revisions"}],"predecessor-version":[{"id":19,"href":"https:\/\/www.azdcz.cz\/index.php\/wp-json\/wp\/v2\/pages\/2\/revisions\/19"}],"wp:attachment":[{"href":"https:\/\/www.azdcz.cz\/index.php\/wp-json\/wp\/v2\/media?parent=2"}],"curies":[{"name":"wp","href":"https:\/\/api.w.org\/{rel}","templated":true}]}}